) to base 14.
733d5
What is 33622712 (base 8) in base 15?
98d415
Convert 513e34 (base 15) to base 3.
21021011001111
Convert 32596a (base 12) to base 16.
c2d22
-622d (base 16) to base 3
-1021110212
-12101302 (base 5) to base 8
-334076
Convert -21213020 (base 4) to base 16.
-99c8
-13330200121 (base 4) to base 3
-10220211010021
What is 3469271 (base 11) in base 9?
12354377
What is ee86a (base 15) in base 12?
306724
-106250440 (base 7) to base 4
-120312330322
What is 1b9a52 (base 13) in base 15?
de72e
270756 (base 11) to base 16
67e19
What is -111100010111011 (base 2) in base 15?
-9257
3ab67 (base 13) to base 16
1ac1d
What is 32332131000 (base 4) in base 16?
3be740
Convert 4b518f (base 16) to base 2.
10010110101000110001111
-1365502 (base 8) to base 5
-44403111
What is -9357b9 (base 14) in base 12?
-17b8833
What is -25e1cc (base 16) in base 13?
-68c020
b61844 (base 12) to base 15
3b8b1a
Convert -10044301 (base 6) to base 16.
-45d8d
What is 2a50315 (base 13) in base 10?
13509878
-4026050 (base 8) to base 3
-1222211212211
What is -1210100221220 (base 3) in base 6?
-32223340
25769 (base 16) to base 4
211131221
What is 1c5a94 (base 15) in base 2?
101010010011010011011
What is -a0570a (base 14) in base 16?
-524bbe
101313002110 (base 4) to base 11
2708621
Convert 42202655 (base 8) to base 2.
100010010000010110101101
What is 2967224 (base 10) in base 15?
3d929e
Convert 114d1 (base 15) to base 11.
38438
-10025340 (base 6) to base 12
-118250
-a2d9 (base 14) to base 16
-6d77
Convert 137426 (base 8) to base 4.
23330112
What is 312003301 (base 4) in base 7?
1611361
Convert 9aa55 (base 11) to base 3.
21102202100
What is -11303232233 (base 4) in base 11?
-94aa59
1432310110 (base 5) to base 7
44140203
Convert 31162552 (base 7) to base 9.
4833531
What is 6a78051 (base 11) in base 2?
101111000111111000101011
Convert 32030011231 (base 4) to base 16.
38c16d
Convert 81555 (base 10) to base 11.
56301
What is -5534343 (base 6) in base 11?
-17a171
a0274 (base 16) to base 12
277758
Convert 115287 (base 10) to base 9.
185126
Convert 33876 (base 9) to base 14.
8335
Convert -9437 (base 11) to base 9.
-18132
Convert -212011121 (base 3) to base 4.
-10013323
-4325134 (base 6) to base 5
-23314212
Convert 20135030 (base 7) to base 15.
2309c2
741732 (base 8) to base 2
111100001111011010
33222301 (base 4) to base 6
1213041
What is 203233001 (base 4) in base 10?
146369
What is 432362 (base 13) in base 8?
6005634
130223434 (base 5) to base 9
1164266
-3b0cc2 (base 15) to base 9
-5304752
-604365 (base 7) to base 3
-12012110220
Convert -643c5 (base 13) to base 15.
-3889c
What is 1055416 (base 7) in base 16?
201fa
Convert -451093 (base 10) to base 3.
-211220210011
Convert -1747122 (base 8) to base 5.
-112332240
-1800d (base 14) to base 8
-165735
Convert -344723 (base 8) to base 2.
-11100100111010011
Convert -2259578 (base 11) to base 6.
-220404042
-1011111112222 (base 3) to base 6
-21142342
12121011102 (base 3) to base 5
12011243
d618c (base 14) to base 3
222020002020
Convert -14416b (base 14) to base 15.
-dd355
-15662533 (base 8) to base 15
-4baa37
What is 258559 (base 11) in base 13?
11310a
What is -6218 (base 13) in base 16?
-34e5
What is -2151027 (base 11) in base 15?
-4e995d
Convert -100000000101011011010 (base 2) to base 12.
-42850a
Convert 22523543 (base 6) to base 2.
10101001110011010111
-41405311 (base 6) to base 11
-749667
-10002332232 (base 4) to base 16
-102fae
3836199 (base 12) to base 2
101010000010110010000101
-4616276 (base 9) to base 4
-21200031120
-1c78aa4 (base 13) to base 4
-210033233110
-1003231213 (base 4) to base 12
-114607
What is -41776722 (base 8) in base 12?
-2b9972a
Convert 166034415 (base 7) to base 6.
1044441440
What is 404041141 (base 6) in base 2?
11010010111001001010101
Convert 10040343311 (base 5) to base 12.
3467474
What is -144311 (base 6) in base 4?
-3121303
Convert -28ec (base 15) to base 6.
-104340
2620662 (base 8) to base 16
b21b2
101111001001110001 (base 2) to base 10
193137
-121101012 (base 3) to base 5
-340224
Convert -18ceaa (base 15) to base 3.
-2021101022121
Convert 16615022 (base 8) to base 2.
1110110001101000010010
-122432 (base 6) to base 7
-43652
What is 4014a76 (base 12) in base 15?
10b78c9
Convert -78b1b6 (base 14) to base 2.
-1111101001100111101100
-20bd6 (base 16) to base 11
-91831
1115226 (base 7) to base 13
4b186
-221002101121 (base 3) to base 8
-1704373
Convert 9b140b (base 12) to base 6.
124534415
Convert 1011010111110001100101 (base 2) to base 5.
1230342330
-2103303300 (base 4) to base 2
-10010011110011110000
What is -10141003 (base 7) in base 13?
-23a049
108352c (base 16) to base 10
17315116
What is 3063c (base 14) in base 10?
116478
Convert 4430376 (base 10) to base 14.
8347d6
22053323 (base 8) to base 15
639a49
What is 97318 (base 12) in base 13?
6c86c
What is -941c32 (base 13) in base 2?
-1101001100110000110011
-2939047 (base 10) to base 11
-1728171
Convert 1010110010000111100000 (base 2) to base 3.
12022121112100
-20011012112 (base 3) to base 2
-11101100101001011
1012002001221 (base 3) to base 16
9a246
What is -61d1b8 (base 16) in base 8?
-30350670
-85023 (base 11) to base 9
-207744
Convert -2b4909 (base 13) to base 14.
-1dac39
Convert 331210034 (base 5) to base 4.
11130310201
Convert -176763 (base 8) to base 4.
-33313303
What is -1516563 (base 9) in base 6?
-25544003
b74f4d (base 16) to base 13
264811b
5aaa95 (base 11) to base 13
27aa8c
Convert a3174 (base 11) to base 12.
731a5
What is -541500 (base 7) in base 6?
-2004123
-844141 (base 11) to base 9
-2481205
Convert 145673 (base 9) to base 5.
10330430
Convert -123330023133 (base 4) to base 3.
-111210010011110
What is 313201 (base 4) in base 8?
6741
Convert -31002 (base 12) to base 8.
-174702
9181116 (base 10) to base 4
203001132330
Convert -635c00 (base 15) to base 12.
-16bbb30
-39778 (base 16) to base 4
-321131320
Convert 45961 (base 12) to base 13.
33403
What is -24132 (base 10) in base 6?
-303420
101010000010001000 (base 2) to base 6
3405024
Convert -3978a (base 16) to base 12.
-b428a
What is -2313034 (base 8) in base 6?
-21244324
What is 11212110023 (base 4) in base 5?
333431114
What is -2447015 (base 8) in base 11?
-421437
-1253d0 (base 14) to base 6
-21252414
-3292896 (base 11) to base 4
-112001100001
-1131201320 (base 4) to base 15
-7879b
What is -5648a8 (base 12) in base 4?
-11100020000
What is a533a (base 11) in base 16?
2577f
What is -1230113 (base 9) in base 14?
-135cc3
Convert 672382 (base 16) to base 13.
15287b0
2145001 (base 7) to base 14
6c001
Convert -11b6cb (base 13) to base 14.
-b0d58
What is -29da7 (base 16) in base 5?
-20441211
What is 21245132 (base 6) in base 3?
1011221000002
36795 (base 14) to base 12
65113
Convert -2326452 (base 11) to base 7.
-46354433
-30404500 (base 6) to base 15
-123556
Convert 1211022021 (base 3) to base 12.
18974
11222000122 (base 3) to base 7
554564
2055125 (base 6) to base 10
100925
What is -b83 (base 12) in base 16?
-693
What is -279646 (base 10) in base 16?
-4445e
Convert 25842 (base 14) to base 16.
16812
-26677 (base 10) to base 16
-6835
Convert -320571 (base 8) to base 13.
-39850
-1034708 (base 10) to base 14
-1cd11a
Convert -27a542 (base 11) to base 3.
-211021120121
What is 2578 (base 9) in base 5?
30214
Convert -17200357 (base 9) to base 8.
-40706611
-10001000100001111 (base 2) to base 7
-410541
What is 200201022 (base 3) in base 15?
4098
11201002220 (base 3) to base 10
92661
What is 96193 (base 12) in base 5?
22302442
Convert -476142 (base 8) to base 12.
-7a342
Convert 1024010240 (base 5) to base 15.
2cdad0
Convert -8c9aa5 (base 13) to base 6.
-155250150
What is 20137 (base 11) in base 14?
aa31
58684 (base 9) to base 3
1222202211
Convert -12331124444 (base 5) to base 10.
-15098749
-1110010110000001101000 (base 2) to base 3
-21002001001212
-13130123 (base 4) to base 10
-30491
What is -30002231 (base 5) in base 6?
-5010311
Convert -14444421 (base 7) to base 16.
-14f18a
Convert 12191 (base 12) to base 10.
24445
Convert -1162105 (base 7) to base 4.
-210201202
What is -5000535 (base 6) in base 7?
-1661465
What is 51b9c (base 13) in base 11?
a0488
What is -40512445 (base 7) in base 9?
-6323517
-11331456 (base 7) to base 15
-14b1b6
-721ec (base 16) to base 14
-c24c4
What is -112010010220001 (base 3) in base 9?
-15103801